hat is the remainder when 3090 is divided by 21?
3
Calculate the remainder when 3603 is divided by 1788.
27
Calculate the remainder when 128323 is divided by 182.
13
Calculate the remainder when 5473 is divided by 190.
153
Calculate the remainder when 2346 is divided by 254.
60
What is the remainder when 16043 is divided by 5346?
5
What is the remainder when 65488 is divided by 118?
116
Calculate the remainder when 14898 is divided by 4957.
27
Calculate the remainder when 109890 is divided by 585.
495
Calculate the remainder when 2027 is divided by 795.
437
Calculate the remainder when 129 is divided by 119.
10
Calculate the remainder when 8021 is divided by 1966.
157
Calculate the remainder when 1247 is divided by 1203.
44
What is the remainder when 94504 is divided by 34?
18
What is the remainder when 815968 is divided by 30?
28
What is the remainder when 5893 is divided by 18?
7
What is the remainder when 3151 is divided by 44?
27
What is the remainder when 25967 is divided by 1731?
2
Calculate the remainder when 2322 is divided by 886.
550
Calculate the remainder when 17302 is divided by 8651.
0
What is the remainder when 924 is divided by 295?
39
Calculate the remainder when 2615711 is divided by 1056.
1055
Calculate the remainder when 3485 is divided by 502.
473
What is the remainder when 126231 is divided by 8?
7
Calculate the remainder when 42255 is divided by 880.
15
Calculate the remainder when 2870 is divided by 447.
188
What is the remainder when 113653 is divided by 56819?
15
Calculate the remainder when 34760 is divided by 1336.
24
Calculate the remainder when 58195 is divided by 30.
25
Calculate the remainder when 633675 is divided by 89.
84
Calculate the remainder when 1067912 is divided by 231.
230
Calculate the remainder when 95148 is divided by 31711.
15
What is the remainder when 6927128 is divided by 335?
333
What is the remainder when 5128 is divided by 1709?
1
What is the remainder when 3555 is divided by 221?
19
Calculate the remainder when 18917 is divided by 26.
15
Calculate the remainder when 76505 is divided by 19120.
25
Calculate the remainder when 64693 is divided by 285.
283
Calculate the remainder when 8317 is divided by 23.
14
What is the remainder when 766649 is divided by 38?
37
What is the remainder when 34974 is divided by 32?
30
What is the remainder when 996 is divided by 553?
443
What is the remainder when 286145 is divided by 54?
53
Calculate the remainder when 727014 is divided by 38.
36
Calculate the remainder when 29051 is divided by 54.
53
Calculate the remainder when 1926961 is divided by 7.
1
Calculate the remainder when 8038 is divided by 20.
18
What is the remainder when 1852 is divided by 1637?
215
What is the remainder when 511978 is divided by 1060?
1058
What is the remainder when 248046 is divided by 27?
24
Calculate the remainder when 530097 is divided by 950.
947
What is the remainder when 9446 is divided by 63?
59
What is the remainder when 2507 is divided by 823?
38
What is the remainder when 1498 is divided by 746?
6
What is the remainder when 1310 is divided by 616?
78
What is the remainder when 21170 is divided by 623?
611
Calculate the remainder when 2904 is divided by 65.
44
Calculate the remainder when 6362 is divided by 128.
90
Calculate the remainder when 98534 is divided by 84.
2
Calculate the remainder when 14019 is divided by 6962.
95
Calculate the remainder when 2909 is divided by 270.
209
Calculate the remainder when 68239 is divided by 68204.
35
Calculate the remainder when 21626 is divided by 570.
536
Calculate the remainder when 10099 is divided by 3274.
277
What is the remainder when 2833 is divided by 112?
33
What is the remainder when 116724 is divided by 456?
444
What is the remainder when 3355 is divided by 199?
171
What is the remainder when 15386 is divided by 140?
126
What is the remainder when 4438 is divided by 51?
1
What is the remainder when 26948 is divided by 55?
53
Calculate the remainder when 543 is divided by 11.
4
Calculate the remainder when 1903 is divided by 439.
147
What is the remainder when 36760 is divided by 1050?
10
Calculate the remainder when 1565 is divided by 149.
75
What is the remainder when 68751 is divided by 349?
347
What is the remainder when 27715 is divided by 6926?
11
What is the remainder when 548658 is divided by 29?
7
Calculate the remainder when 2517 is divided by 289.
205
Calculate the remainder when 6760914 is divided by 4.
2
What is the remainder when 1428 is divided by 49?
7
Calculate the remainder when 356971 is divided by 804.
799
What is the remainder when 112707 is divided by 1587?
30
What is the remainder when 2758 is divided by 86?
6
What is the remainder when 61356 is divided by 18?
12
What is the remainder when 6381 is divided by 1194?
411
Calculate the remainder when 392687 is divided by 216.
215
Calculate the remainder when 84275 is divided by 5618.
5
What is the remainder when 581965 is divided by 16?
13
Calculate the remainder when 223 is divided by 48.
31
Calculate the remainder when 59147 is divided by 1592.
243
What is the remainder when 2206 is divided by 80?
46
What is the remainder when 3675 is divided by 92?
87
What is the remainder when 360254 is divided by 7?
6
What is the remainder when 807081 is divided by 101?
91
Calculate the remainder when 1939 is divided by 537.
328
Calculate the remainder when 6530066 is divided by 949.
946
Calculate the remainder when 109258 is divided by 18.
16
Calculate the remainder when 29119 is divided by 57.
49
Calculate the remainder when 182993 is divided by 86.
71
Calculate the remainder when 7292 is divided by 3495.
302
Calculate the remainder when 2481 is divided by 600.
81
What is the remainder when 28387 is divided by 546?
541
Calculate the remainder when 142286 is divided by 558.
554
What is the remainder when 11465 is divided by 182?
181
What is the remainder when 198007 is divided by 2955?
22
What is the remainder when 28732 is divided by 31?
26
What is the remainder when 623323 is divided by 893?
9
Calculate the remainder when 2103071 is divided by 96.
95
What is the remainder when 87983 is divided by 1726?
1683
Calculate the remainder when 809 is divided by 338.
133
Calculate the remainder when 43846 is divided by 116.
114
What is the remainder when 4524 is divided by 198?
168
Calculate the remainder when 4821 is divided by 4794.
27
Calculate the remainder when 17362 is divided by 267.
7
Calculate the remainder when 52368 is divided by 61.
30
What is the remainder when 386327 is divided by 134?
5
Calculate the remainder when 487 is divided by 63.
46
Calculate the remainder when 49537 is divided by 1981.
12
Calculate the remainder when 23031 is divided by 168.
15
Calculate the remainder when 46817 is divided by 1871.
42
Calculate the remainder when 99083 is divided by 74.
71
Calculate the remainder when 112568 is divided by 5920.
88
Calculate the remainder when 6071 is divided by 23.
22
What is the remainder when 71802 is divided by 125?
52
Calculate the remainder when 46673 is divided by 23336.
1
What is the remainder when 765945 is divided by 272?
265
What is the remainder when 4583 is divided by 248?
119
Calculate the remainder when 7498 is divided by 979.
645
Calculate the remainder when 3206 is divided by 213.
11
Calculate the remainder when 149315 is divided by 114.
89
What is the remainder when 1099509 is divided by 9?
6
What is the remainder when 152071 is divided by 79?
75
What is the remainder when 23893 is divided by 472?
293
Calculate the remainder when 8058 is divided by 180.
138
What is the remainder when 32305 is divided by 873?
4
What is the remainder when 526020 is divided by 15029?
5
What is the remainder when 4392 is divided by 27?
18
What is the remainder when 116835 is divided by 115?
110
What is the remainder when 6968 is divided by 39?
26
What is the remainder when 38630 is divided by 1062?
398
What is the remainder when 619 is divided by 275?
69
What is the remainder when 218441 is divided by 30?
11
Calculate the remainder when 3598 is divided by 180.
178
What is the remainder when 218 is divided by 22?
20
Calculate the remainder when 2148 is divided by 2051.
97
What is the remainder when 3199 is divided by 924?
427
Calculate the rema